x be u(8). Suppose -3*r + x = 8*r. Let h = -206 + 395. What is the greatest common factor of r and h?
21
Suppose -462*k + 460*k = -144. Calculate the greatest common factor of 3192 and k.
24
Suppose -56*g + 45*g + 35002 = 0. What is the highest common divisor of g and 86?
86
Suppose -3*a = -f - 76971, -f + 8485 = 5*a + 85432. Let w be 3*4/(-54) + f/(-54). Calculate the greatest common factor of 57 and w.
57
Suppose 8096 = -127*g + 8731. Suppose 5*x = 4*x + 80. Calculate the greatest common factor of x and g.
5
Let y = -36 - -38. Suppose -4*r + 0*r = -16. Suppose 4*t = y*l + 54, 0*l = -r*t - l + 45. Calculate the highest common factor of t and 4.
4
Let z(n) = 65*n - 203. Let u be z(4). Suppose 446 = b + 6*x - x, 2*b = -5*x + 902. What is the greatest common divisor of u and b?
57
Let u(q) = 2*q**3 + 36*q**2 - 131*q - 16. Let y be u(-21). Calculate the greatest common factor of y and 37469.
89
Let u(f) = 64*f - 912. Let p be u(16). Calculate the greatest common divisor of p and 294.
14
Let i be (-2)/(-8)*-5*(-70 - -10). Let l = -121 + 124. What is the greatest common factor of l and i?
3
Let c = 90 - 178. Let x = 76 + c. Let l be (-3)/5*(x + -3). Calculate the greatest common factor of 1 and l.
1
Let t = 8080 - 8015. Calculate the highest common factor of t and 5525.
65
Suppose 5*y + 2*p = 1479, -2*p - 30 - 851 = -3*y. Let s = y + -223. Calculate the greatest common divisor of 24 and s.
24
Let n = -480 - -780. Suppose -2*l + n = 8*l. Calculate the greatest common divisor of 135 and l.
15
Let k(w) = w**3 - 9*w**2 + 15*w + 20. Let r be k(6). Suppose -15 = -r*m + 33. What is the greatest common divisor of m and 8?
8
Suppose -15 = -3*w, 4*c - 4*w - 416 = 864. What is the highest common factor of 400 and c?
25
Let n be (7015 - -1) + (60 - 67). What is the highest common factor of n and 43?
43
Let l be ((-19)/(-1))/((-10)/(-180)). Suppose -352 = 2*v - 4*n - 0*n, 0 = -4*n + 20. Let c = l + v. Calculate the greatest common divisor of 22 and c.
22
Let u(r) = r**2 + 4*r - 2. Let x be u(-5). Let i = -217 + 220. Let z(t) = 36*t - 106. Let q be z(i). Calculate the highest common factor of x and q.
1
Suppose 18*k - 68*k = -100. What is the highest common factor of 694 and k?
2
Suppose -5*j = -42 + 92. Let b be 44/110 + (-1616)/j. What is the greatest common factor of 18 and b?
18
Suppose 15*d - 7420 = d. Let b = -452 + 462. Calculate the greatest common divisor of b and d.
10
Let z = -43 - -45. Let d(u) = -2*u**3 - z*u**2 + 25 - 8*u - u**3 - 32 + 10*u. Let s be d(-4). What is the greatest common divisor of s and 58?
29
Let o(h) = -4*h**2 + 4. Let u be o(0). Suppose 0*n - 32 = -u*n. Calculate the highest common divisor of 24 and n.
8
Suppose 5*v - 1410 = -910. Calculate the greatest common divisor of v and 3650.
50
Suppose -3*q + 10 = -14. Suppose -847*h = -1217*h + 2960. What is the greatest common divisor of h and q?
8
Suppose -4*a = 31*n - 26*n - 529, 4*n = -2*a + 266. Calculate the greatest common factor of 1 and a.
1
Let d(u) = -293*u**3 - 2*u**2 - 3*u. Let p be d(-1). Let s be p/(-84)*-10*1. What is the greatest common factor of s and 665?
35
Let o(l) = 2*l**2 - 2*l + 8. Let g be o(-4). Suppose 2*h - g = -h. Let f(z) = z**2 + 31*z - 110. Let k be f(6). Calculate the greatest common factor of h and k.
16
Suppose 14*g + 22 - 806 = 0. Let z be 49 + (0/(-1))/(-6 - -3). What is the greatest common factor of g and z?
7
Suppose p - 246 = -2*p. Suppose -5*r - 5*y = 305, 3*y - 8*y + 5 = 0. Let q = p + r. Calculate the greatest common factor of q and 2.
2
Let z(c) = 161*c - 932. Let b be z(7). What is the highest common factor of b and 520?
65
Suppose -5*v - 5*d + 280 = 0, 11 + 104 = 2*v - d. Suppose 7*p + 5*c = 108, 25*p - 4*c = 21*p + 96. Calculate the highest common divisor of v and p.
19
Let s(z) = -3*z**2 + 110*z - 91. Let k be s(31). What is the highest common divisor of 109 and k?
109
Suppose 0 = -2*s - 3*s + 260. Suppose 4*y = 4*r + 12, -2*r + s = 3*y + 18. Suppose -38703 = -51*p - 38295. What is the highest common divisor of y and p?
8
Suppose -3*z + 5*j + 140 = -26, 0 = -2*z + 2*j + 104. Calculate the greatest common factor of 17531 and z.
47
Suppose -23*k + 148*k - 261 = -11. Calculate the greatest common divisor of 2638 and k.
2
Let n be -220*((-318)/1325)/(14/(-20) + 1). Calculate the greatest common divisor of 34 and n.
2
Let z be (110/(-44))/((-10)/12). Suppose 5*i = 4*k - 41, -3*i - 5 = k + 6. Suppose 0 = 77*t - 79*t + k. What is the highest common factor of z and t?
1
Suppose -47*o - 9952 = -253*o - 105*o. Calculate the highest common divisor of o and 53216.
32
Suppose 34 = 3*a + 4*q - 8, -5*a + 2*q = -44. Suppose -52*i = -54*i + 886. Let g = -393 + i. What is the highest common factor of g and a?
10
Suppose g + 5*g = 324. Suppose y + 52 - g = 0. Suppose 5*f + y*z = f + 610, -2*z = 3*f - 455. What is the highest common divisor of f and 62?
31
Let a = -667 + 851. Calculate the greatest common factor of a and 3956.
92
Let h be -7*(0 + -1) - (0 - -4). Suppose 3*j = h*m + 149 + 190, 5*m + 241 = 2*j. Calculate the greatest common factor of j and 54.
54
Suppose 2*w + 18*d - 19*d = 7, 3 = -3*d. Suppose 4*n + 140 = 3*p, -w*p - p + n + 204 = 0. What is the highest common divisor of p and 65?
13
Let v = 12246 - 11906. What is the highest common factor of 55 and v?
5
Suppose -5*y - v = -11 - 34, 3*y - 2*v - 27 = 0. Suppose -y*z = -1281 - 42. What is the greatest common factor of 42 and z?
21
Let o be 1 - -63 - 25/(600/168). What is the highest common factor of o and 15?
3
Let h = -2937 - -4911. Let y be h/35 + -5 - (-2)/(-5). Calculate the highest common divisor of y and 408.
51
Let r(g) = -48*g - 1116. Let j be r(-27). What is the highest common divisor of j and 1780?
20
Let r = -11544 + 11574. Calculate the highest common divisor of r and 1195.
5
Suppose 335*p - 3 = -4*i + 336*p, 0 = -4*i + 5*p - 65. Suppose -j + 3 = 0, -3*h + 0*h = 2*j - 2361. What is the greatest common divisor of h and i?
5
Suppose 24*t - 10330 = 3134. What is the highest common divisor of 136 and t?
17
Let a = 23126 - 19967. Calculate the highest common factor of a and 1287.
117
Suppose 9 - 3 = -m. Let v be ((-28)/m)/(4/6). Let j be 10 + 69 + -13 - (20 + -3). Calculate the greatest common divisor of v and j.
7
Suppose 4*l + 4*f - 300 = 0, -2*f + 5 + 1 = 0. Let d be 520/l + (-2)/9 - 3. Suppose -33 + 81 = d*m. Calculate the greatest common divisor of 8 and m.
4
Let j(c) = 56*c + 576. Let s be j(12). What is the greatest common divisor of s and 195?
39
Suppose x - 15 = 3*q, x = 4*x + 5*q + 25. Suppose x = -17*b + 6*b + 209. What is the greatest common factor of 171 and b?
19
Let k = 9 - 7. Suppose -2*o + 4*g - 24 = 0, -2*o - 8*g + 9*g - 12 = 0. Let t be 1*(14 - o)/k. Calculate the highest common factor of 72 and t.
9
Suppose -2*o + 143 = -39. Calculate the greatest common divisor of 427 and o.
7
Suppose b = 4*t + 1052, 0 = -5*t - 4*b - 2037 + 701. Let m = -198 - t. Calculate the greatest common factor of 22 and m.
22
Let a(o) be the first derivative of 8*o**3/3 + 3*o**2/2 + 9*o + 2. Suppose 34*d + 135 = -11*d. Let h be a(d). Calculate the highest common factor of 36 and h.
36
Suppose -k - 5*b + 7 = 0, 4*k - 2*b - 47 = 47. Let h be 2*-1*((-47)/(-2) + 0). Let i = -45 - h. What is the greatest common factor of k and i?
2
Let r(w) = -68*w - 1645. Let y be r(-28). What is the highest common factor of y and 185?
37
Suppose -a + 3*a + 40432 = 21*a. Calculate the greatest common divisor of 665 and a.
133
Suppose -21*q + 13*q = -160. Suppose -q = 4*c, 3*s + c - 4 = -3. Suppose b + s*b + a - 389 = 0, 4*a - 532 = -4*b. What is the highest common factor of 16 and b?
16
Let w = 596 - 584. Let f be (-279)/6 + 6/(-4). Let s = 132 + f. Calculate the highest common factor of s and w.
12
Suppose 0*l - 4*j + 598 = 3*l, -4*l - 3*j = -802. Suppose -7*q + l - 13 = 0. What is the greatest common factor of 3 and q?
3
Let b = 2 + 0. Suppose 3030 = 196*a + 286. What is the highest common factor of a and b?
2
Let d be (-2546)/(-7) - (-140)/490. Calculate the highest common divisor of d and 4550.
182
Let z = 26248 + -26053. What is the greatest common divisor of z and 7930?
65
Let c(i) = 12*i - 58. Let s be c(5). Suppose 0 = -s*t + 47 - 31. What is the greatest common factor of t and 36?
4
Suppose 9 = 15*b - 21